 is the hundreds digit of 171279?
2
What is the ten thousands digit of 457263?
5
What is the units digit of 1851569?
9
What is the hundred thousands digit of 181408?
1
What is the ten thousands digit of 3139933?
3
What is the tens digit of 7819765?
6
What is the units digit of 869145?
5
What is the thousands digit of 1145737?
5
What is the thousands digit of 1075946?
5
What is the ten thousands digit of 9173334?
7
What is the units digit of 1992669?
9
What is the hundred thousands digit of 28892481?
8
What is the tens digit of 200020?
2
What is the thousands digit of 8266450?
6
What is the ten thousands digit of 79204?
7
What is the units digit of 461530?
0
What is the tens digit of 3829271?
7
What is the units digit of 434844?
4
What is the hundred thousands digit of 253088?
2
What is the millions digit of 4226862?
4
What is the hundred thousands digit of 7291888?
2
What is the units digit of 1025577?
7
What is the hundred thousands digit of 6232465?
2
What is the units digit of 1346526?
6
What is the units digit of 1043584?
4
What is the ten thousands digit of 1472241?
7
What is the ten thousands digit of 8644188?
4
What is the ten thousands digit of 224969?
2
What is the thousands digit of 2695522?
5
What is the tens digit of 289954?
5
What is the ten thousands digit of 4312885?
1
What is the millions digit of 17268680?
7
What is the thousands digit of 2744133?
4
What is the ten thousands digit of 11860881?
6
What is the millions digit of 18973683?
8
What is the ten thousands digit of 10525564?
2
What is the tens digit of 464623?
2
What is the ten thousands digit of 15069689?
6
What is the hundreds digit of 2639448?
4
What is the hundred thousands digit of 1610090?
6
What is the units digit of 824095?
5
What is the millions digit of 1855134?
1
What is the millions digit of 5095335?
5
What is the hundreds digit of 32538311?
3
What is the thousands digit of 2013360?
3
What is the ten thousands digit of 2114546?
1
What is the thousands digit of 4024999?
4
What is the ten thousands digit of 420825?
2
What is the hundred thousands digit of 365458?
3
What is the tens digit of 2257313?
1
What is the tens digit of 998458?
5
What is the units digit of 6058979?
9
What is the hundred thousands digit of 220824?
2
What is the ten thousands digit of 15951704?
5
What is the thousands digit of 121904?
1
What is the thousands digit of 3004112?
4
What is the hundreds digit of 3612984?
9
What is the hundreds digit of 129573?
5
What is the hundred thousands digit of 175693?
1
What is the ten millions digit of 34614779?
3
What is the hundred thousands digit of 334461?
3
What is the ten thousands digit of 282306?
8
What is the units digit of 1226360?
0
What is the hundreds digit of 13851064?
0
What is the ten thousands digit of 140359?
4
What is the hundreds digit of 13174?
1
What is the ten thousands digit of 213545?
1
What is the units digit of 20648831?
1
What is the thousands digit of 8905978?
5
What is the thousands digit of 161317?
1
What is the units digit of 97481?
1
What is the thousands digit of 2510665?
0
What is the hundreds digit of 176191?
1
What is the hundreds digit of 12508320?
3
What is the hundred thousands digit of 4902620?
9
What is the hundreds digit of 3877209?
2
What is the ten thousands digit of 717973?
1
What is the hundreds digit of 11306650?
6
What is the hundred thousands digit of 2871121?
8
What is the hundreds digit of 7952361?
3
What is the millions digit of 1707130?
1
What is the millions digit of 3778063?
3
What is the hundreds digit of 584087?
0
What is the tens digit of 5085970?
7
What is the thousands digit of 119448?
9
What is the ten thousands digit of 29819?
2
What is the tens digit of 87291?
9
What is the thousands digit of 79001?
9
What is the units digit of 408144?
4
What is the tens digit of 10270297?
9
What is the ten thousands digit of 33292902?
9
What is the hundred thousands digit of 1814599?
8
What is the tens digit of 1618810?
1
What is the hundred thousands digit of 747758?
7
What is the millions digit of 1159617?
1
What is the hundreds digit of 328157?
1
What is the hundreds digit of 156473?
4
What is the hundred thousands digit of 558284?
5
What is the thousands digit of 38202279?
2
What is the hundreds digit of 450672?
6
What is the units digit of 1595651?
1
What is the ten thousands digit of 3030216?
3
What is the thousands digit of 3549083?
9
What is the units digit of 293170?
0
What is the thousands digit of 878411?
8
What is the ten thousands digit of 14073376?
7
What is the millions digit of 1986047?
1
What is the ten thousands digit of 14603757?
0
What is the tens digit of 2939204?
0
What is the thousands digit of 3173568?
3
What is the units digit of 2314999?
9
What is the units digit of 372605?
5
What is the hundreds digit of 213678?
6
What is the tens digit of 2958503?
0
What is the thousands digit of 612675?
2
What is the thousands digit of 4477005?
7
What is the ten thousands digit of 103929?
0
What is the ten millions digit of 21220969?
2
What is the tens digit of 1033428?
2
What is the tens digit of 748904?
0
What is the thousands digit of 436443?
6
What is the thousands digit of 1686325?
6
What is the ten millions digit of 12325368?
1
What is the tens digit of 2539749?
4
What is the tens digit of 527026?
2
What is the tens digit of 8585164?
6
What is the ten thousands digit of 66644?
6
What is the thousands digit of 9638282?
8
What is the ten thousands digit of 293048?
9
What is the millions digit of 1262409?
1
What is the thousands digit of 251578?
1
What is the tens digit of 1505622?
2
What is the hundreds digit of 548682?
6
What is the units digit of 1169180?
0
What is the ten thousands digit of 966576?
6
What is the ten thousands digit of 233604?
3
What is the hundreds digit of 3431658?
6
What is the hundreds digit of 2089280?
2
What is the ten thousands digit of 7505024?
0
What is the hundreds digit of 1730116?
1
What is the hundreds digit of 1358501?
5
What is the units digit of 43260?
0
What is the thousands digit of 110416?
0
What is the hundreds digit of 2189508?
5
What is the hundreds digit of 629098?
0
What is the thousands digit of 467019?
7
What is the ten thousands digit of 152950?
5
What is the tens digit of 423884?
8
What is the units digit of 59580?
0
What is the hundreds digit of 444821?
8
What is the thousands digit of 1573486?
3
What is the tens digit of 7892654?
5
What is the hundred thousands digit of 34193908?
1
What is the thousands digit of 6213836?
3
What is the millions digit of 1533008?
1
What is the hundreds digit of 13710633?
6
What is the thousands digit of 993367?
3
What is the hundred thousands digit of 511909?
5
What is the hundred thousands digit of 3888475?
8
What is the units digit of 536663?
3
What is the tens digit of 10298550?
5
What is the thousands digit of 7780379?
0
What is the units digit of 1568503?
3
What is the hundreds digit of 2608218?
2
What is the units digit of 23539650?
0
What is the ten thousands digit of 31833615?
3
What is the tens digit of 168276?
7
What is the tens digit of 771156?
5
What is the ten thousands digit of 481844?
8
What is the hundreds digit of 578674?
6
What is the hundreds digit of 204052?
0
What is the units digit of 341347?
7
What is the hundred thousands digit of 8766919?
7
What is the hundred thousands digit of 28564914?
5
What is the hundred thousands digit of 892767?
8
What is the hundreds digit of 69865?
8
What is the hundred thousands digit of 892801?
8
What is the units digit of 254750?
0
What is the tens digit of 4979150?
5
What is the ten thousands digit of 11986430?
8
What is the hundreds digit of 843417?
4
What is the units digit of 8376220?
0
What is the tens digit of 146049?
4
What is the ten thousands digit of 192492?
9
What is the hundreds digit of 6444009?
0
What is the tens digit of 5159937?
3
What is the hundreds digit of 8132641?
6
What is the units digit of 120998?
8
What is the thousands digit of 2353166?
3
What is the ten thousands digit of 1428813?
2
What is the ten thousands digit of 457087?
5
What is the thousands digit of 73252?
3
What is the thousands digit of 354141?
4
What is the tens digit of 3480276?
7
What is the tens digit of 820874?
7
What is the tens digit of 2877185?
8
What is the